= -5*f. Calculate the greatest common factor of 24 and s.
8
Let t = 1212 + -1190. Let p(x) = -5 - 1 - 4*x + 2*x**2 - 2 - 3*x. Let q be p(6). What is the greatest common divisor of q and t?
22
Suppose -57*y - 46*y = -88065. Calculate the highest common factor of 45 and y.
45
Suppose -9 = -r - 4*z, 3*r - 8*z - 27 = -3*z. Let u = r - 6. Suppose -4*f + 18 = t, 2*f - 5*t + u = 1. What is the greatest common divisor of f and 1?
1
Suppose 0*v = 3*v + 1311. Let n = -182 - v. Let i be (17 - (-38 - -56))/((-6)/90). Calculate the highest common divisor of n and i.
15
Let v(g) = 166*g - 1636. Let n be v(13). Calculate the greatest common factor of n and 290.
58
Let k = 2266 - 1390. Suppose -11*g = k - 3879. What is the greatest common factor of g and 21?
21
Let i be -11*(3 + -6) - 3 - -2. Let y be 502/8 - 3 - (-5)/20. Let f be 6*2888/y + 12/(-15). What is the greatest common factor of f and i?
32
Let h(x) = -59*x + 4121. Let b be h(55). Calculate the highest common divisor of b and 24.
12
Suppose -1177495 = -86*w + 9735. What is the highest common factor of w and 55?
55
Suppose 4*o = 0, 3*o + 153 = -2*k + 39. Let d = -41 - k. Suppose 12*x + 16 = 14*x. What is the highest common factor of d and x?
8
Suppose 27*s - 136330 + 135250 = 0. Let y(m) = 14*m**2 - 1. Let k be y(-1). Let a = k - 8. What is the highest common divisor of s and a?
5
Let k be (-34042)/(-28) + (-513)/(-2394). Calculate the greatest common divisor of k and 228.
76
Suppose -4*i - 921 + 50 = -3*d, 4*d = -i - 232. Let m = i + 1221. Calculate the highest common factor of 77 and m.
77
Suppose -1 = 9*q - 945 - 154. Calculate the greatest common factor of q and 2.
2
Let v(j) be the third derivative of j**5/5 + j**4/3 - 7*j**3/6 - 263*j**2. Let b = 6 + -10. Let k be v(b). What is the highest common divisor of k and 17?
17
Suppose -10 = -61*i + 59*i - 5*g, -g = -5*i + 79. Suppose 0 = -5*l + 34 - 4. Suppose -b + l = -0*b. Calculate the greatest common factor of i and b.
3
Let p(m) = 17*m**2 - m + 2. Let t be p(-1). Let c(a) = a**3 - 5 - 2 - a - a + 0*a**3 + 6*a**2. Let x be c(-6). What is the greatest common factor of t and x?
5
Let k(s) = 5*s + 188. Let v be k(-14). Let b = 223 - v. Calculate the greatest common divisor of 45 and b.
15
Suppose 5*f - 152 = s, -3*f + 80 = 3*s + 2*s. Let y(k) = -2*k**3 - 15*k**2 - 37*k - 30. Let t be y(-5). What is the greatest common factor of t and f?
30
Let b(p) = 5*p**2 + 10*p + 6. Let f be (-4 - (4 + -5))*-1. Let y be b(f). Calculate the greatest common factor of 18 and y.
9
Let n(v) = -2*v**2 + 35*v + 81. Let f be n(4). Let a = 100 + -58. Calculate the highest common divisor of f and a.
21
Let d = -96 + 138. Let u = d + -29. Suppose 0 = -4*o - 5*s + 171, -2*s - 141 = -4*o + 3*s. Calculate the greatest common factor of o and u.
13
Let q(a) = -a**2 - 3*a + 1661. Let k be q(38). Calculate the greatest common divisor of k and 309.
103
Suppose -g - 1094*n + 1089*n = -3503, -3508 = -g - 4*n. Calculate the greatest common divisor of 240 and g.
24
Suppose -25*i - 6 = -27*i. Suppose -4*r = -0*r - i*p - 21, 0 = -r + p + 5. Calculate the greatest common divisor of 3 and r.
3
Let r be (-88)/(-55) + 2/5. Suppose -2*z - 154 = -r*t, 0 = -t + z - 5*z + 82. Calculate the highest common factor of t and 6.
6
Suppose 456*g = 444*g + 144. Suppose -4*k - g = -2*o, o - 3 = -23*k + 26*k. Calculate the greatest common divisor of o and 246.
6
Let q = -934 - -571. Let m = q + 398. What is the highest common divisor of m and 10?
5
Suppose 5*p + 28 - 228 = 0. Suppose -19*s - 58*s - 38*s + 1840 = 0. Calculate the highest common factor of s and p.
8
Suppose 2*t + 76 = 266. Suppose 4*q = 9*q - 2*d - 29, -4*d = -4*q + 28. Calculate the greatest common divisor of t and q.
5
Suppose 24943 - 5677 = 3*i + 5*s, -i = -5*s - 6422. Calculate the greatest common divisor of 38 and i.
38
Suppose -38 = 2*h - 5*q, -4*q = 3*h - 3*q + 23. Let j be ((-301)/(-14))/(h/(-198)). Calculate the greatest common factor of 43 and j.
43
Let u(m) = 6*m**2 - 306*m + 1852. Let b be u(6). Calculate the greatest common divisor of b and 1305.
29
Let n be (-4)/5 + 1808/10. Let u be ((-14)/5)/((-24)/n). Calculate the highest common factor of 21 and u.
21
Suppose 4*f = -27*f + 3131. Let u(r) = -5*r**3 + 2*r**2 - 4*r + 2. Let m be u(2). Let l = f + m. Calculate the highest common divisor of 21 and l.
21
Let q(t) = -2*t**3 + 231*t**2 - 88*t - 1625. Let p be q(115). Calculate the greatest common divisor of 40 and p.
40
Suppose -11 = -o + 5*m - 3, -5*m + 10 = 5*o. Suppose 30 = 3*d - o*s, s = 4*d + 7 - 53. Suppose d*q = 11*q + 184. What is the highest common factor of q and 46?
46
Suppose -10*a + 4*a = -20*a + 3710. What is the greatest common divisor of 212 and a?
53
Let q be (-14*6)/(2/(-3)). Let d = 20158 + -20140. What is the greatest common factor of d and q?
18
Let v(z) = 1593*z - 11901. Let m be v(9). What is the greatest common factor of 84 and m?
84
Suppose -4*j = -6*j + 20. Let d be ((-34)/j + 3)*-50. Let k(y) = y**3 - 19*y**2 - 17*y - 39. Let x be k(d). What is the highest common divisor of x and 9?
3
Let v(o) = 130*o**2 - 7*o + 8. Let p be v(1). Let d = p + -115. Let c(x) = -x**2 + 8*x + 8. Let n be c(8). Calculate the greatest common divisor of n and d.
8
Let u(n) = n**3 - 34*n**2 + 201*n - 768. Let l be u(28). Let z(g) = -g**2 + g + 36. Let j be z(0). What is the greatest common divisor of l and j?
12
Suppose -10*h + 7 = -13. Suppose 0 = 5*i - 10, -4*t = -h*t + 4*i - 52. What is the highest common divisor of 2 and t?
2
Let l(w) = -w**2 - 57*w + 4941. Let m be l(-103). What is the highest common factor of m and 1595?
29
Let g be 64/6*66/11. Let k(h) = -h**2 - 30*h - 24. Let i be k(-26). What is the greatest common divisor of g and i?
16
Let c(o) = -o**2 - 14*o + 22. Let y be c(-8). Let k(g) = -2 - 1 + 2*g**2 - 4 - 9*g. Let a be k(7). Calculate the highest common divisor of y and a.
14
Let g(x) = x**2 - 18*x + 89. Let u be g(7). Calculate the greatest common divisor of u and 2756.
4
Let t = -10022 - -10057. Calculate the greatest common factor of 30 and t.
5
Let o = 284 + -100. Suppose -536 = -6*n + o. What is the highest common factor of 12 and n?
12
Let u = 292 - 284. Suppose z - 6*x - 192 = -x, -u = 4*x. Calculate the highest common factor of 26 and z.
26
Let g(b) be the third derivative of b**6/120 - b**5/20 + 5*b**4/12 - 7*b**3/3 + 2*b**2 - 3. Let r be g(4). What is the highest common factor of 336 and r?
42
Suppose -11*s = -35*s + 6*s + 50508. Calculate the greatest common divisor of s and 488.
122
Let o be (2/6 - 1)/(2/(-3)). Let p be 14/14*(4 - o). Let l be (-330)/44*(-20)/p. Calculate the highest common factor of 10 and l.
10
Let i(g) = -g. Let q(l) = -l**2 - 23*l + 15. Let a(z) = -4*i(z) + q(z). Let t be a(-9). Suppose j - t - 63 = 0. Calculate the highest common factor of j and 24.
24
Suppose -2*r + a = -8, 45*r + 16 = 49*r + 5*a. Let z be 2/5 - 2890/(-25). Calculate the greatest common divisor of z and r.
4
Suppose 7*v = 9*v - 826. Let x = v - 405. What is the highest common factor of x and 496?
8
Suppose 1046452 = 459*f + 391918. What is the highest common factor of 62 and f?
62
Let m be ((-80)/(-6))/((-2)/(-12)). Suppose -168*w = -532*w + 1820. Calculate the greatest common divisor of m and w.
5
Let d = -636208 + 636285. Let i = -455 + 1456. What is the greatest common factor of i and d?
77
Suppose k + 5*d - 210 = 0, 58*d - 62*d - 378 = -2*k. Let z = 373 + -343. What is the greatest common factor of z and k?
15
Let f = 313 + -177. Let j be (f/(-204))/(((-2)/525)/2). Calculate the greatest common divisor of j and 200.
50
Suppose -70*b + 8*b + 13144 = 0. What is the highest common factor of b and 954?
106
Let x(g) = -g - 1. Let b be x(-3). Suppose -d + 2*d + b = 0. Let y be 28/(1 + 1/d). Calculate the greatest common factor of 7 and y.
7
Let d = 1 - 2. Let v be 3/2*(31 + d). Let f = 16221 + -16216. Calculate the highest common factor of v and f.
5
Suppose v = -3*v + 76. Let c(o) = -o + 8. Let d be c(6). Let p be ((-9)/(-27))/(d/912). Calculate the highest common factor of v and p.
19
Let r = -6155 + 16767. Suppose 4*o - o - 2*b = -7960, -r = 4*o - 2*b. Let n be 3 - (3/(-15) - o/(-15)). What is the greatest common factor of n and 20?
20
Let q be (((-7432)/6)/2)/((-2)/3). Suppose -14*c = -37 - q. Let k = -